{"id":863,"date":"2019-04-19T11:11:37","date_gmt":"2019-04-19T11:11:37","guid":{"rendered":"https:\/\/linedance-ostholstein.de\/?page_id=863"},"modified":"2025-12-14T06:28:49","modified_gmt":"2025-12-14T06:28:49","slug":"fortgeschrittene-1","status":"publish","type":"page","link":"https:\/\/linedance-ostholstein.de\/index.php\/fortgeschrittene-1\/","title":{"rendered":"Line Dance f\u00fcr Interessierte mit  Vorkenntnissen in Tanz und &#8222;Schrittvokabular&#8220;, die bereit sind sich in den Kurs einzuarbeiten"},"content":{"rendered":"<p><strong><span style=\"color: #0000ff;\">Line Dance f\u00fcr Interessierte mit Vorkenntnissen in Tanz und &#8222;Schrittvokabular&#8220;, die bereit sind, sich in den Kurs einzuarbeiten<\/span><\/strong><\/p>\n<p>Line Dance ist eine Tanzart, bei der kein Tanzpartner erforderlich ist! Jeder tanzt f\u00fcr sich allein, rhythmisch in der Musik nach vorgegeben Schrittfolgen. Und dennoch tanzen alle Teilnehmer gemeinsam in der Gruppe. Selbst mit gesundheitlichen Einschr\u00e4nkungen ist das Line Dance m\u00f6glich, denn fast jede Drehung kann mit einer alternativen Schrittkombination ausgef\u00fchrt werden. Tolle T\u00e4nze werden wir gemeinsam ein\u00fcben. Sie werden staunen, wie unterschiedlich die Musikrichtungen des Line Dance sind, f\u00fcr jeden Musikgeschmack ist etwas dabei. Auch f\u00fcr Neueinsteiger gibt es keine Altersbegrenzung!<\/p>\n<p><strong>montags, 16:45 &#8211; 18:45 Uhr<\/strong><\/p>\n<p>Volkshochschule Scharbeutz \/ <a href=\"https:\/\/www.scharbeutz-vhs.de\/\">www.scharbeutz-vhs.de<br \/>\n<\/a>Kursort: Gemeinschaftshaus der Dorfschaft Sch\u00fcrsdorf<br \/>\nB\u00f6velstedder 2 A, 23684 Sch\u00fcrsdorf<br \/>\n<strong><br \/>\n<\/strong>Infos \/ Anmeldung: Susanne Born<br \/>\nTel. 04524 &#8211; 9967 \/ AB<br \/>\nE-Mail: vhs-s.born@gmx.de<\/p>\n","protected":false},"excerpt":{"rendered":"<p>Line Dance f\u00fcr Interessierte mit Vorkenntnissen in Tanz und &#8222;Schrittvokabular&#8220;, die bereit sind, sich in den Kurs einzuarbeiten Line Dance&hellip;<\/p>\n","protected":false},"author":2,"featured_media":0,"parent":0,"menu_order":0,"comment_status":"closed","ping_status":"closed","template":"","meta":{"footnotes":""},"class_list":["post-863","page","type-page","status-publish","hentry"],"_links":{"self":[{"href":"https:\/\/linedance-ostholstein.de\/index.php\/wp-json\/wp\/v2\/pages\/863","targetHints":{"allow":["GET"]}}],"collection":[{"href":"https:\/\/linedance-ostholstein.de\/index.php\/wp-json\/wp\/v2\/pages"}],"about":[{"href":"https:\/\/linedance-ostholstein.de\/index.php\/wp-json\/wp\/v2\/types\/page"}],"author":[{"embeddable":true,"href":"https:\/\/linedance-ostholstein.de\/index.php\/wp-json\/wp\/v2\/users\/2"}],"replies":[{"embeddable":true,"href":"https:\/\/linedance-ostholstein.de\/index.php\/wp-json\/wp\/v2\/comments?post=863"}],"version-history":[{"count":54,"href":"https:\/\/linedance-ostholstein.de\/index.php\/wp-json\/wp\/v2\/pages\/863\/revisions"}],"predecessor-version":[{"id":1411,"href":"https:\/\/linedance-ostholstein.de\/index.php\/wp-json\/wp\/v2\/pages\/863\/revisions\/1411"}],"wp:attachment":[{"href":"https:\/\/linedance-ostholstein.de\/index.php\/wp-json\/wp\/v2\/media?parent=863"}],"curies":[{"name":"wp","href":"https:\/\/api.w.org\/{rel}","templated":true}]}}