{"id":402,"date":"2018-07-31T16:05:58","date_gmt":"2018-07-31T16:05:58","guid":{"rendered":"https:\/\/linedance-ostholstein.de\/?page_id=402"},"modified":"2025-12-14T06:35:33","modified_gmt":"2025-12-14T06:35:33","slug":"workshop-stunde-in-der-kleingruppe","status":"publish","type":"page","link":"https:\/\/linedance-ostholstein.de\/index.php\/workshop-stunde-in-der-kleingruppe\/","title":{"rendered":"Line Dance f\u00fcr Interessierte mit einigen Vorkenntnissen, aber auch f\u00fcr Neueinsteiger m\u00f6glich, die bereit sind, sich mit &#8222;Eigenarbeit&#8220; in den Kurs einzuarbeiten"},"content":{"rendered":"<p><strong><span style=\"color: #0000ff;\">Line Dance f\u00fcr Interessierte mit einigen Vorkenntnissen, aber auch f\u00fcr Neueinsteiger m\u00f6glich, die bereit sind, sich mit &#8222;Eigenarbeit&#8220; in den Kurs einzuarbeiten<\/span><\/strong><\/p>\n<p><strong>donnerstags * 19:15 Uhr &#8211; 20:45 Uhr<\/strong><strong><br \/><br \/><\/strong>Volkshochschule Scharbeutz \/ <a href=\"http:\/\/www.scharbeutz-vhs.de\/\">www.scharbeutz-vhs.de<\/a><br \/>Kursort: D\u00f6rfergemeinschaftshaus der Dorfschaft Sch\u00fcrsdorf,<br \/>B\u00f6velstredder 2 A, 23684 Sch\u00fcrsdorf<\/p>\n<p>Infos \/ Anmeldung: Susanne Born<br \/>Tel. 04524 &#8211; 9967 \/ AB<br \/>E-Mail: vhs-s.born@gmx.de<\/p>\n<p><strong>Bei allen Kursen gelten die Teilnahmebedingungen der Volkshochschule:<br \/><\/strong><a href=\"https:\/\/www.scharbeutz-vhs.de\/kontakt\/agb\">www.scharbeutz-vhs.de<\/a><\/p>\n\n\n<p><\/p>\n\n\n\n<p><\/p>\n","protected":false},"excerpt":{"rendered":"<p>Line Dance f\u00fcr Interessierte mit einigen Vorkenntnissen, aber auch f\u00fcr Neueinsteiger m\u00f6glich, die bereit sind, sich mit &#8222;Eigenarbeit&#8220; in den&hellip;<\/p>\n","protected":false},"author":2,"featured_media":0,"parent":0,"menu_order":0,"comment_status":"closed","ping_status":"closed","template":"","meta":{"footnotes":""},"class_list":["post-402","page","type-page","status-publish","hentry"],"_links":{"self":[{"href":"https:\/\/linedance-ostholstein.de\/index.php\/wp-json\/wp\/v2\/pages\/402","targetHints":{"allow":["GET"]}}],"collection":[{"href":"https:\/\/linedance-ostholstein.de\/index.php\/wp-json\/wp\/v2\/pages"}],"about":[{"href":"https:\/\/linedance-ostholstein.de\/index.php\/wp-json\/wp\/v2\/types\/page"}],"author":[{"embeddable":true,"href":"https:\/\/linedance-ostholstein.de\/index.php\/wp-json\/wp\/v2\/users\/2"}],"replies":[{"embeddable":true,"href":"https:\/\/linedance-ostholstein.de\/index.php\/wp-json\/wp\/v2\/comments?post=402"}],"version-history":[{"count":184,"href":"https:\/\/linedance-ostholstein.de\/index.php\/wp-json\/wp\/v2\/pages\/402\/revisions"}],"predecessor-version":[{"id":1414,"href":"https:\/\/linedance-ostholstein.de\/index.php\/wp-json\/wp\/v2\/pages\/402\/revisions\/1414"}],"wp:attachment":[{"href":"https:\/\/linedance-ostholstein.de\/index.php\/wp-json\/wp\/v2\/media?parent=402"}],"curies":[{"name":"wp","href":"https:\/\/api.w.org\/{rel}","templated":true}]}}