{"id":364,"date":"2018-07-31T12:40:02","date_gmt":"2018-07-31T12:40:02","guid":{"rendered":"https:\/\/linedance-ostholstein.de\/?page_id=364"},"modified":"2023-12-18T04:10:36","modified_gmt":"2023-12-18T04:10:36","slug":"line-dance-am-sonntag-nachmittag-mit-einem-workshop-zum-schnuppern","status":"publish","type":"page","link":"https:\/\/linedance-ostholstein.de\/index.php\/line-dance-am-sonntag-nachmittag-mit-einem-workshop-zum-schnuppern\/","title":{"rendered":"Line Dance und &#8222;Western&#8220; Line Dance am Sonntag Nachmittag mit einem Workshop zum Schnuppern!"},"content":{"rendered":"<p>Line Dancer treffen sich, um mit erlernten T\u00e4nzen Spa\u00df zu haben. Herzlich willkommen sind selbstverst\u00e4ndlich auch &#8222;Nicht&#8220;-Line Dancer (Fans\/Zuschauer), die gerne einmal einen Einblick in das &#8222;Line Dance&#8220; bekommen m\u00f6chten oder einfach nur unsere Gesellschaft und die Musik m\u00f6gen. Angeboten wird in unserem tanzreichen Nachmittag auch ein kleiner Workshop, bei dem jede\/r das Line Dance einmal versuchen kann.<br \/><strong>Sonntag, 15:00 &#8211; 18:00 Uhr<br \/><em>\u00c4nderungen vorbehalten!<\/em><\/strong><br \/>&#8211;<span style=\"color: #ff0000;\"> z. Zt. findet dieser Nachmittag nicht statt &#8211;<\/span><\/p>\n<p>Volkshochschule Scharbeutz \/ <a href=\"http:\/\/www.scharbeutz-vhs.de\/\">www.scharbeutz-vhs.de<\/a><br \/>Ort: <br \/>Parkpl\u00e4tze ausreichend vorhanden<br \/><strong>Kursgeb\u00fchr: 4,00<\/strong> <strong>\u20ac \/ vor Ort bitte in bar bezahlen<br \/>kostenfrei f\u00fcr Fans\/Zuschauer<\/strong><\/p>\n<p>Infos: Susanne Born<br \/>Tel. 04524 &#8211; 9967 \/ AB<br \/>E-Mail: vhs-s.born@gmx.de<\/p>\n<p><strong>Bei allen Kursen gelten die Teilnahmebedingungen der Volkshochschule:<br \/><\/strong><a href=\"https:\/\/www.scharbeutz-vhs.de\/kontakt\/agb\">www.scharbeutz-vhs.de<\/a><strong><a href=\"http:\/\/www.vhs-scharbeutz.de\"><br \/><\/a><\/strong><\/p>\n\n\n<p><\/p>\n","protected":false},"excerpt":{"rendered":"<p>Line Dancer treffen sich, um mit erlernten T\u00e4nzen Spa\u00df zu haben. Herzlich willkommen sind selbstverst\u00e4ndlich auch &#8222;Nicht&#8220;-Line Dancer (Fans\/Zuschauer), die&hellip;<\/p>\n","protected":false},"author":2,"featured_media":0,"parent":0,"menu_order":0,"comment_status":"closed","ping_status":"closed","template":"","meta":{"footnotes":""},"class_list":["post-364","page","type-page","status-publish","hentry"],"_links":{"self":[{"href":"https:\/\/linedance-ostholstein.de\/index.php\/wp-json\/wp\/v2\/pages\/364","targetHints":{"allow":["GET"]}}],"collection":[{"href":"https:\/\/linedance-ostholstein.de\/index.php\/wp-json\/wp\/v2\/pages"}],"about":[{"href":"https:\/\/linedance-ostholstein.de\/index.php\/wp-json\/wp\/v2\/types\/page"}],"author":[{"embeddable":true,"href":"https:\/\/linedance-ostholstein.de\/index.php\/wp-json\/wp\/v2\/users\/2"}],"replies":[{"embeddable":true,"href":"https:\/\/linedance-ostholstein.de\/index.php\/wp-json\/wp\/v2\/comments?post=364"}],"version-history":[{"count":45,"href":"https:\/\/linedance-ostholstein.de\/index.php\/wp-json\/wp\/v2\/pages\/364\/revisions"}],"predecessor-version":[{"id":1342,"href":"https:\/\/linedance-ostholstein.de\/index.php\/wp-json\/wp\/v2\/pages\/364\/revisions\/1342"}],"wp:attachment":[{"href":"https:\/\/linedance-ostholstein.de\/index.php\/wp-json\/wp\/v2\/media?parent=364"}],"curies":[{"name":"wp","href":"https:\/\/api.w.org\/{rel}","templated":true}]}}